Calculate o(l).
-55
Let a(b) = 7*b**3 - b**2 + b. Let n = 17 + -14. Suppose -g - n = -0*g. Let i be ((-36)/g)/4 + -2. Give a(i).
7
Suppose 0 = -h + 2*h - 3. Let n(b) = b**2 - b - 4. Let t be n(h). Let o(j) = j**3 - 2 - 4 + 8*j**t - 7*j - 2*j**2. What is o(-7)?
-6
Let n(g) be the first derivative of -5*g + 5/3*g**3 + 8 + g**2 - 1/4*g**4. Let q = 5 + 0. Determine n(q).
5
Let z(f) = 24 + 60*f + 72*f - 143*f - 6*f**2 + 4*f**2 + 3*f**2. Determine z(9).
6
Suppose l - 2*r - 5 = 2*l, 3*r + 8 = -2*l. Let i(g) = -2*g + 1. Give i(l).
3
Let j(r) be the first derivative of r**2/2 + 2*r + 2. Suppose 5*h + 2*l - 106 = 0, -5*h + 0*l = -3*l - 116. Let q = -26 + h. What is j(q)?
-2
Suppose 28 = -2*x - 4*s, 0 = 4*x - 3*s - 0 + 1. Let c be ((6*x)/(-4))/2. Let q(l) be the second derivative of -5*l**3/6 + 2*l**2 + 3*l. Give q(c).
-11
Let v(r) = -r**3 + r**2 + r + 1. Let o(q) = -3*q**3 - 4*q**2 - 3*q. Let f(b) = -o(b) - 2*v(b). What is f(-2)?
-36
Let c(l) = l**2 - 12*l + 15. Let j be ((-10)/(-7))/((-12)/(-84)). What is c(j)?
-5
Let c(v) = v + 6. Let q(m) = 16*m - 61. Let j be q(4). Determine c(j).
9
Let k be 2 + 2 + -7 + 4. Let m(a) = 3*a**2 + a - 2. Calculate m(k).
2
Suppose n = -2*d - 3*d + 18, -5*d + 5*n = 0. Let c = -7 + 10. Let f(g) = 2*g**c + 2 - 3*g**2 + g - 3 - g**3. What is f(d)?
2
Let h(c) be the first derivative of -c**2/2 - 25*c - 211. Determine h(-19).
-6
Suppose 0 = -2*o + m, 0*o - 4*m - 12 = -2*o. Let l be (8/(4/o))/(0 - -1). Let u(b) = b**2 + 3*b + 2. Calculate u(l).
6
Let t(n) be the first derivative of -3*n**4/4 + n**2/2 + 1. Suppose j + 28 - 15 = 0. Let g(f) = f**3 + 15*f**2 + 27*f + 12. Let v be g(j). Give t(v).
2
Let v(o) = o**3 - o**2 - 13*o - 2. Let z(q) = q**3 - 3*q**2 - 11*q - 3. Let m(y) = 2*v(y) - 3*z(y). Suppose -2*c - c = -24. What is m(c)?
-3
Let y(k) = -4*k**3 - 1 + 6*k**3 + 2*k - k. Let c be 4*1*(8 + (-434)/56). What is y(c)?
2
Let b(d) = d**3 + 4*d**2 - 4*d. Let t be 11*(0 - -3) + -2. Let j = 27 - t. Give b(j).
16
Let s(z) = 11 + 23*z - 1 - 10 + 1 + 2*z**2 - 6. What is s(-12)?
7
Let a(u) be the first derivative of -2*u**2 - 27*u + 192. Give a(-11).
17
Suppose -32*h + 144 + 80 = 0. Let r(z) = -z**3 + 8*z**2 - z + 1. Calculate r(h).
43
Let h(i) = -i**2 + 4*i - 2. Let b be ((8/(-5))/1)/((-14)/35). Determine h(b).
-2
Suppose 42*f - 60 = 32*f. Let y(v) = v**2 - 5*v - 7. What is y(f)?
-1
Let k(i) = 2158 - 1082 - 1084 - 2*i. Give k(-15).
22
Let p = -1740 - -1736. Let o(s) = 7*s + 8. What is o(p)?
-20
Let n(z) be the third derivative of z**6/60 - 19*z**5/60 - z**4/2 + 11*z**3/3 - z**2 - 6. Calculate n(10).
2
Let a(j) = -j + 1. Suppose 0 = -4*v - 26 - 6. Let y be v/4 - -4*8. Let p be (-1)/3 - y/(-9). What is a(p)?
-2
Let s(g) = 6 - 4*g + 18*g - 5*g - 8*g. Determine s(-3).
3
Let f(w) = 49*w - 5. Let u(t) = -106*t + 10. Let s(d) = -13*f(d) - 6*u(d). What is s(-7)?
12
Suppose -3 = -3*g - 3*n, -19*g = -23*g + n + 9. Let x(b) = 7*b**2 + 6*b + 1. Let c(u) = 20*u**2 + 17*u + 3. Let a(d) = -6*c(d) + 17*x(d). What is a(g)?
-5
Let u be (2/(-8))/(-3*4/12). Let l(x) be the first derivative of u*x**4 + 5 + x**2 - x**3 + x. Calculate l(2).
1
Let z(k) = 5*k**2 + 58*k + 36. Let u be z(-11). Let h(r) be the first derivative of 8 + 2*r**2 + 2*r - 1/3*r**u. What is h(5)?
-3
Suppose 0 = -2*c + 10. Suppose -c*d - 40 = -5. Let u(i) = -i + 3. Calculate u(d).
10
Let p(o) = -96*o - 13*o**2 - 14 + 5*o**2 + 4 + o**3 + 97*o. Give p(8).
-2
Let d(r) = r + 3. Let t be d(-3). Suppose 8 = -t*k + k. Let v(u) = -20*u**3 + 21*u**3 + 5*u**2 + 4 - u + k*u. Determine v(-4).
-8
Let p(b) = b**3 - 9*b**2 - 4*b + 13. Let n be -3*5/45*-27. Calculate p(n).
-23
Let y(p) be the first derivative of p**3/3 - 4*p**2 + 3*p - 26. Suppose n - 1 = 5*i - 0, 5*i = -3*n + 23. Give y(n).
-9
Let f(q) = -q**2 + 4*q - 2. Suppose v + 6*u = 5*u + 4, -3*v + 6 = u. Give f(v).
1
Let j(p) = 2*p + 5. Let u(o) = o + 3. Let g(w) = 2*j(w) - 3*u(w). Calculate g(4).
5
Let i(q) = 4*q. Let a = -31 - -50. Let c = a + -23. Calculate i(c).
-16
Let o(k) = -6*k**2 + 145 + 145 + k**3 - 296 + 2*k. Determine o(6).
6
Let y(h) = -2*h**3 - 4*h**2 - 6*h - 5. Let i(d) = -6*d - 14. Let q be i(-2). Calculate y(q).
7
Let c(f) = -f**2 - 2. Suppose 5*j = -0*j. Suppose j = 6*o - 3*o. Suppose o - 6 = -3*u. What is c(u)?
-6
Let y(j) = -4*j**3 + 3*j**2 - 16*j + 1. Let l(x) = -7*x**3 + 9*x**2 - 30*x + 1. Let f(m) = 3*l(m) - 5*y(m). Determine f(11).
9
Let s(z) = -z**2 + 8*z - 7. Suppose 3*o - 19 = 5. Let i be s(o). Let j(w) = w**2 + 4*w - 7. Give j(i).
14
Let r = 0 + 3. Let a be (2 - 5) + (r - -3). Let j(h) = 5 - a + 2*h - 2. Determine j(3).
6
Suppose -3*g + 19 = 2*y, -g + 0*g = -3*y + 1. Let h(s) = 3*s - s + 5*s + g - 5*s. What is h(-6)?
-7
Let p(c) be the first derivative of c**4/4 + 7*c**3/3 + 6*c**2 + 3*c - 19. Determine p(-5).
-7
Let u(s) = -5*s + 29. Let g be u(4). Let a(n) = n**2 - 11*n + 8. Give a(g).
-10
Suppose -5*i + 32 + 3 = 0. Suppose 5*a = g - i, 8 = g + g - 4*a. Let s(u) = 0*u**2 + 4*u**2 - 2*u**g - u. Determine s(-1).
3
Let r = 25 - 24. Let n(z) = z**3 + 5*z**2 + 5*z + 2. Let p be n(-3). Let w(d) = 5*d + 3*d + r - 10 - p*d. What is w(6)?
9
Let i(x) = 2*x**2 - 2967*x**3 + x**2 - x**2 - 1 + 2975*x**3. Calculate i(-1).
-7
Let t(u) = -u - 4. Suppose q + 5*y = -q + 25, -46 = -3*q + y. Let n = q - 11. What is t(n)?
-8
Let a(m) = 2*m + 2. Let f be ((-20)/8)/(1/(-2)). What is a(f)?
12
Let h(p) be the second derivative of p**3/3 - 2*p**2 - 423*p. Let f = 4 - 0. Determine h(f).
4
Suppose 16 = -4*p + 2*y, -129*p - y + 14 = -134*p. Let q(j) be the third derivative of -j**2 + 0*j + 0 - 1/24*j**4 + 1/3*j**3. Calculate q(p).
4
Let s(d) = 9 - 4 + 2*d - 4*d + 2. Let h(f) = 6*f - 20. Let r = -42 - -59. Let p(l) = r*s(l) + 6*h(l). Calculate p(5).
9
Let a(n) = -47*n - 41*n + 73*n + n**2 - 8. Determine a(15).
-8
Let m be (4/5)/(32/80). Suppose -m*p = 3*t + 3*p - 9, -3*t - 3 = p. Let o(i) = i**3 - 2*i**2 - 3*i. Give o(t).
-10
Let v be ((-9)/2)/(27/(-486)). Let x = 86 - v. Let u(t) = t**2 - 7*t + 3. Calculate u(x).
-7
Let a be ((-6)/9)/((-4)/30). Let i(d) = 9*d + a - 23*d + 17*d + 1. What is i(-4)?
-6
Let r(u) be the second derivative of -u**5/120 + u**3/2 + 5*u. Let d(f) be the second derivative of r(f). Let b be d(5). Let s(o) = o + 6. Calculate s(b).
1
Let c = 6 + -4. Let z(u) = u**3 + 3*u**2 - u - 4. Let m be z(2). Let x(j) = -16*j + 0 + 3 + 25*j - m*j. What is x(c)?
-7
Let b be ((-3)/6)/(1/(-12)). Let i(s) = b*s - 8 - 4*s - 4*s. Let n = -201 - -195. Give i(n).
4
Let t(y) = 26*y**3 - 4*y**2 - 5*y - 8. Let a(s) = -40*s**3 + 6*s**2 + 8*s + 13. Let r(m) = 5*a(m) + 8*t(m). Give r(1).
7
Let z be (-6)/10 + 36/(-15). Suppose 2*x - 2 - 8 = 0. Let b(w) = -5 + 1 + 0*w**2 - 3*w**2 + 3*w + x*w**2. Calculate b(z).
5
Let w(f) = -7*f**3 + f**2 - 2. Let s be w(-1). Let j(g) = g. Let v(m) = -2*m - 3. Let b(t) = -5*j(t) - v(t). Calculate b(s).
-15
Let x(g) = 6*g - 1801*g**2 - 15 + 3608*g**2 - 1808*g**2. What is x(5)?
-10
Let u = 111 + -117. Let r(m) be the second derivative of 7/12*m**4 + 0 + 1/20*m**5 + 3*m**2 - 3*m + 7/6*m**3. Determine r(u).
0
Let p(b) = -b**3 + 9*b**2 + 26*b - 41. Let q be p(11). Let g(l) = -l**3 + 6*l**2 - 3*l - 2. Give g(q).
16
Suppose -13*y - 36 = 5*y. Let p(x) = x**3 - 2*x - 1. Determine p(y).
-5
Let r(o) = o**3 - 5*o**2 - 2. Suppose -5*y + 99 = -96. Let t = -19 + y. Suppose -4*h + t = -0*h. What is r(h)?
-2
Let k(b) be the third derivative of b**6/120 + b**5/60 - b**4/24 + 2*b**3/3 - 8*b**2. Let t(o) = -o**3 + 4*o**2 + 13*o - 9. Let m be t(6). Give k(m).
-11
Suppose 2*u + 2*u + j = 162, -5*u + 2*j = -196. Let z = -36 + u. Let a(n) = -n**3 + 5*n**2 - 4*n - 5. Give a(z).
-5
Suppose 5*t + 18 = 8. Let g(x) = x**3 + 4*x**2 + 3*x + 2. Let z be g(t). Let r(s) = -7*s - 7. Let i(u) = -3*u - 3. Let a(b) = 9*i(b) - 4*r(b). Give a(z).
5
Let t = 33 - 31. Let o be -1 + t - (-8)/4. Let m(r) = -o - 2*r + 0 + 2*r + 2*r. What is m(4)?
5
Let d(m) = m**2 + 6*m - 1. Suppose -7*f - 8 - 27 = 0. What is d(f)?
-6
Suppose 45 = 3*b + 5*v, 0 = 4*b + 2*v - 0*v - 74. Suppose 5 = -4*p + o, -4*p + 0*o - b = 4*o. Let a(w) = -2*w + 2. Determine a(p).
6
Let t = 6 - -2. Suppose -2*q = t*q + 50. Let g(x) = x**2 + 5*x - 2. Give g(q).
-2
Let w(l) = -l**2 - 7*l - 4. Let g be w(-2). Let h(o) = -g*o**2 + 5*o**2 - 3*o + o. Determine h(-3).
-3
Let g(b) = -b**2 + 4*b - 3. L